{"id":6054,"date":"2022-09-07T22:00:28","date_gmt":"2022-09-07T22:00:28","guid":{"rendered":"https:\/\/galiatextil.com\/wordpress\/?post_type=product&#038;p=6054"},"modified":"2022-09-09T17:05:04","modified_gmt":"2022-09-09T17:05:04","slug":"cubrebocas-antimicrobiano","status":"publish","type":"product","link":"https:\/\/galiatextil.com\/wordpress\/?product=cubrebocas-antimicrobiano","title":{"rendered":"Cubrebocas antimicrobiano"},"content":{"rendered":"<p>Cubrebocas antimicrobiano. Hecho con materiales super absorbentes y un elemento filtrante. Eficiencia de filtraci\u00f3n de particulas superor al 95%, eficiencia de filtraci\u00f3n bacteriana 99%. Transpirable y absorbente. Ajuste ergon\u00f3mico al rostro<\/p>\n","protected":false},"excerpt":{"rendered":"<p>Cubrebocas antimicrobiano con una eficiencia de filtraci\u00f3n de un 99%<\/p>\n","protected":false},"featured_media":6027,"comment_status":"open","ping_status":"closed","template":"","meta":[],"product_cat":[508],"product_tag":[],"_links":{"self":[{"href":"https:\/\/galiatextil.com\/wordpress\/index.php?rest_route=\/wp\/v2\/product\/6054"}],"collection":[{"href":"https:\/\/galiatextil.com\/wordpress\/index.php?rest_route=\/wp\/v2\/product"}],"about":[{"href":"https:\/\/galiatextil.com\/wordpress\/index.php?rest_route=\/wp\/v2\/types\/product"}],"replies":[{"embeddable":true,"href":"https:\/\/galiatextil.com\/wordpress\/index.php?rest_route=%2Fwp%2Fv2%2Fcomments&post=6054"}],"wp:featuredmedia":[{"embeddable":true,"href":"https:\/\/galiatextil.com\/wordpress\/index.php?rest_route=\/wp\/v2\/media\/6027"}],"wp:attachment":[{"href":"https:\/\/galiatextil.com\/wordpress\/index.php?rest_route=%2Fwp%2Fv2%2Fmedia&parent=6054"}],"wp:term":[{"taxonomy":"product_cat","embeddable":true,"href":"https:\/\/galiatextil.com\/wordpress\/index.php?rest_route=%2Fwp%2Fv2%2Fproduct_cat&post=6054"},{"taxonomy":"product_tag","embeddable":true,"href":"https:\/\/galiatextil.com\/wordpress\/index.php?rest_route=%2Fwp%2Fv2%2Fproduct_tag&post=6054"}],"curies":[{"name":"wp","href":"https:\/\/api.w.org\/{rel}","templated":true}]}}