{"id":4715,"date":"2022-03-14T00:18:40","date_gmt":"2022-03-14T00:18:40","guid":{"rendered":"https:\/\/galiatextil.com\/wordpress\/?post_type=product&#038;p=4715"},"modified":"2022-09-10T14:23:45","modified_gmt":"2022-09-10T14:23:45","slug":"venda-enyesada","status":"publish","type":"product","link":"https:\/\/galiatextil.com\/wordpress\/?product=venda-enyesada","title":{"rendered":"Venda Enyesada"},"content":{"rendered":"<table class='tabla-productos'>\n<tbody>\n<tr>\n<th>Presentaci\u00f3n<\/th>\n<th>Contenido<\/th>\n<th>Caracter\u00edsticas<\/th>\n<\/tr>\n<tr>\n<td>5cmx2.75m<\/td>\n<td>12<\/td>\n<td ROWSPAN=\"4\">Material de curaci\u00f3n no est\u00e9ril, yeso grado ortop\u00e9dico sumamente moldeable<\/td>\n<\/tr>\n<tr>\n<td>10cmx2.75m<\/td>\n<td>12<\/td>\n<\/tr>\n<tr>\n<td>15cmx2.75m<\/td>\n<td>12<\/td>\n<\/tr>\n<tr>\n<td>20cmx2.75m <\/td>\n<td>12<\/td>\n<\/tr>\n<\/tbody>\n<\/table>\n","protected":false},"excerpt":{"rendered":"<p>Utilizado dentro de los procedimientos terap\u00e9uticos como m\u00e9todo de inmovilizaci\u00f3n como tratamiento de fracturas, previniendo desplazamiento de fragmentos \u00f3seos, exposici\u00f3n del foco y compromiso vascular o nervioso, tratamiento postoperatorio de cirug\u00edas ortop\u00e9dicas<\/p>\n","protected":false},"featured_media":5795,"comment_status":"open","ping_status":"closed","template":"","meta":[],"product_cat":[88],"product_tag":[],"_links":{"self":[{"href":"https:\/\/galiatextil.com\/wordpress\/index.php?rest_route=\/wp\/v2\/product\/4715"}],"collection":[{"href":"https:\/\/galiatextil.com\/wordpress\/index.php?rest_route=\/wp\/v2\/product"}],"about":[{"href":"https:\/\/galiatextil.com\/wordpress\/index.php?rest_route=\/wp\/v2\/types\/product"}],"replies":[{"embeddable":true,"href":"https:\/\/galiatextil.com\/wordpress\/index.php?rest_route=%2Fwp%2Fv2%2Fcomments&post=4715"}],"wp:featuredmedia":[{"embeddable":true,"href":"https:\/\/galiatextil.com\/wordpress\/index.php?rest_route=\/wp\/v2\/media\/5795"}],"wp:attachment":[{"href":"https:\/\/galiatextil.com\/wordpress\/index.php?rest_route=%2Fwp%2Fv2%2Fmedia&parent=4715"}],"wp:term":[{"taxonomy":"product_cat","embeddable":true,"href":"https:\/\/galiatextil.com\/wordpress\/index.php?rest_route=%2Fwp%2Fv2%2Fproduct_cat&post=4715"},{"taxonomy":"product_tag","embeddable":true,"href":"https:\/\/galiatextil.com\/wordpress\/index.php?rest_route=%2Fwp%2Fv2%2Fproduct_tag&post=4715"}],"curies":[{"name":"wp","href":"https:\/\/api.w.org\/{rel}","templated":true}]}}